{"id":15023,"date":"2025-07-25T07:45:13","date_gmt":"2025-07-25T07:45:13","guid":{"rendered":"https:\/\/shop.hostafarm.ch\/?post_type=product&#038;p=15023"},"modified":"2025-07-25T07:49:50","modified_gmt":"2025-07-25T07:49:50","slug":"sumandsubstance","status":"publish","type":"product","link":"https:\/\/shop.hostafarm.ch\/index.php\/produkt\/sumandsubstance\/","title":{"rendered":"Hosta &#8218;Sum &#038; Substance&#8216;"},"content":{"rendered":"","protected":false},"excerpt":{"rendered":"<p>Extrem grosses, gelbgr\u00fcnes Blatt. Im Austrieb gr\u00fcnlich, verf\u00e4rbt sich im Laufe der Saison senfgelb, je nach Sonneneinstrahlung.<br \/>\nGr\u00f6sse 120 &#8211; 140 cm,<br \/>\nSie bl\u00fcht lila.<br \/>\nStandort: Halb- bis Vollschatten.<br \/>\nWird wurzelnackt versendet.<br \/>\nKultiviert im 5-Litertopf.<\/p>\n","protected":false},"featured_media":15024,"comment_status":"open","ping_status":"closed","template":"","meta":[],"product_brand":[],"product_cat":[158,151,160,138,150],"product_tag":[],"class_list":{"0":"post-15023","1":"product","2":"type-product","3":"status-publish","4":"has-post-thumbnail","6":"product_cat-blueht-lila","7":"product_cat-extra-grosse-hosta","8":"product_cat-gelbe-hosta","9":"product_cat-grosse-hostas","10":"product_cat-gruene-hosta","12":"first","13":"instock","14":"shipping-taxable","15":"purchasable","16":"product-type-simple"},"_links":{"self":[{"href":"https:\/\/shop.hostafarm.ch\/index.php\/wp-json\/wp\/v2\/product\/15023","targetHints":{"allow":["GET"]}}],"collection":[{"href":"https:\/\/shop.hostafarm.ch\/index.php\/wp-json\/wp\/v2\/product"}],"about":[{"href":"https:\/\/shop.hostafarm.ch\/index.php\/wp-json\/wp\/v2\/types\/product"}],"replies":[{"embeddable":true,"href":"https:\/\/shop.hostafarm.ch\/index.php\/wp-json\/wp\/v2\/comments?post=15023"}],"version-history":[{"count":1,"href":"https:\/\/shop.hostafarm.ch\/index.php\/wp-json\/wp\/v2\/product\/15023\/revisions"}],"predecessor-version":[{"id":15027,"href":"https:\/\/shop.hostafarm.ch\/index.php\/wp-json\/wp\/v2\/product\/15023\/revisions\/15027"}],"wp:featuredmedia":[{"embeddable":true,"href":"https:\/\/shop.hostafarm.ch\/index.php\/wp-json\/wp\/v2\/media\/15024"}],"wp:attachment":[{"href":"https:\/\/shop.hostafarm.ch\/index.php\/wp-json\/wp\/v2\/media?parent=15023"}],"wp:term":[{"taxonomy":"product_brand","embeddable":true,"href":"https:\/\/shop.hostafarm.ch\/index.php\/wp-json\/wp\/v2\/product_brand?post=15023"},{"taxonomy":"product_cat","embeddable":true,"href":"https:\/\/shop.hostafarm.ch\/index.php\/wp-json\/wp\/v2\/product_cat?post=15023"},{"taxonomy":"product_tag","embeddable":true,"href":"https:\/\/shop.hostafarm.ch\/index.php\/wp-json\/wp\/v2\/product_tag?post=15023"}],"curies":[{"name":"wp","href":"https:\/\/api.w.org\/{rel}","templated":true}]}}