{"id":14957,"date":"2025-07-21T16:51:25","date_gmt":"2025-07-21T16:51:25","guid":{"rendered":"https:\/\/shop.hostafarm.ch\/?post_type=product&#038;p=14957"},"modified":"2025-07-21T17:01:56","modified_gmt":"2025-07-21T17:01:56","slug":"beckoning","status":"publish","type":"product","link":"https:\/\/shop.hostafarm.ch\/index.php\/produkt\/beckoning\/","title":{"rendered":"Hosta &#8218;Beckoning&#8216;"},"content":{"rendered":"","protected":false},"excerpt":{"rendered":"<p>Die Hosta Beckoning ist eine grosse Hosta mit gelben Bl\u00e4ttern und einem blaugrauem Rand.<br \/>\nIm Austrieb fast gr\u00fcn, die gelbe Farbe tritt sp\u00e4ter auf, etwas Sonne f\u00fcr eine gute Ausf\u00e4rbung<br \/>\nGrosse Hosta, H\u00f6he 70 &#8211; 90 cm,<br \/>\nSie bl\u00fcht lila.<br \/>\nStandort: Halb- bis Vollschatten.<br \/>\nWird wurzelnackt versendet.<br \/>\nKultiviert im 5-Litertopf.<\/p>\n","protected":false},"featured_media":14958,"comment_status":"open","ping_status":"closed","template":"","meta":[],"product_brand":[],"product_cat":[142,144,138,141,147,146],"product_tag":[],"class_list":{"0":"post-14957","1":"product","2":"type-product","3":"status-publish","4":"has-post-thumbnail","6":"product_cat-blaugraue-hosta","7":"product_cat-gelbe-hostas","8":"product_cat-grosse-hostas","9":"product_cat-hosta-mit-gelbem-zentrum","10":"product_cat-mehrfarbige-blaetter","11":"product_cat-zweifarbige-hostas","13":"first","14":"instock","15":"shipping-taxable","16":"purchasable","17":"product-type-simple"},"_links":{"self":[{"href":"https:\/\/shop.hostafarm.ch\/index.php\/wp-json\/wp\/v2\/product\/14957","targetHints":{"allow":["GET"]}}],"collection":[{"href":"https:\/\/shop.hostafarm.ch\/index.php\/wp-json\/wp\/v2\/product"}],"about":[{"href":"https:\/\/shop.hostafarm.ch\/index.php\/wp-json\/wp\/v2\/types\/product"}],"replies":[{"embeddable":true,"href":"https:\/\/shop.hostafarm.ch\/index.php\/wp-json\/wp\/v2\/comments?post=14957"}],"version-history":[{"count":2,"href":"https:\/\/shop.hostafarm.ch\/index.php\/wp-json\/wp\/v2\/product\/14957\/revisions"}],"predecessor-version":[{"id":14962,"href":"https:\/\/shop.hostafarm.ch\/index.php\/wp-json\/wp\/v2\/product\/14957\/revisions\/14962"}],"wp:featuredmedia":[{"embeddable":true,"href":"https:\/\/shop.hostafarm.ch\/index.php\/wp-json\/wp\/v2\/media\/14958"}],"wp:attachment":[{"href":"https:\/\/shop.hostafarm.ch\/index.php\/wp-json\/wp\/v2\/media?parent=14957"}],"wp:term":[{"taxonomy":"product_brand","embeddable":true,"href":"https:\/\/shop.hostafarm.ch\/index.php\/wp-json\/wp\/v2\/product_brand?post=14957"},{"taxonomy":"product_cat","embeddable":true,"href":"https:\/\/shop.hostafarm.ch\/index.php\/wp-json\/wp\/v2\/product_cat?post=14957"},{"taxonomy":"product_tag","embeddable":true,"href":"https:\/\/shop.hostafarm.ch\/index.php\/wp-json\/wp\/v2\/product_tag?post=14957"}],"curies":[{"name":"wp","href":"https:\/\/api.w.org\/{rel}","templated":true}]}}